{"id":259,"date":"2019-12-17T14:44:06","date_gmt":"2019-12-17T13:44:06","guid":{"rendered":"https:\/\/prod.lespetitsbrins.com\/?product=import-placeholder-for-3719"},"modified":"2019-12-17T14:44:48","modified_gmt":"2019-12-17T13:44:48","slug":"affiche-arc-en-ciel-over-the-rainbow","status":"publish","type":"product","link":"https:\/\/prod.lespetitsbrins.com\/?product=affiche-arc-en-ciel-over-the-rainbow","title":{"rendered":"Affiche arc-en-ciel &#8211; over the rainbow"},"content":{"rendered":"<p>La tendance d\u00e9co du moment, l&rsquo;arc-en-ciel se d\u00e9cline sur tous les supports pour d\u00e9corer vos chambres d&rsquo;enfants : tapisseries, affiches, jouets, petits objets d\u00e9coratifs. Reproduction sur papier textur\u00e9 300 gr\/m\u00b2.<\/p>\n<p>Arc-en-ciel style boho, boh\u00e8me par Isabelle Monnerot-Dumaine.<\/p>\n<p>Impression A4 Fine Art sur Papier blanc FSC Ecolabel lisse : 300 gr\/m\u00b2.<\/p>\n","protected":false},"excerpt":{"rendered":"<p>Arc-en-ciel style boho, boh\u00e8me par Isabelle Monnerot-Dumaine.<\/p>\n<p>Impression A4 Fine Art sur Papier blanc FSC Ecolabel lisse : 300 gr\/m\u00b2.<\/p>\n<p>Vendue sans cadre.<\/p>\n","protected":false},"featured_media":329,"comment_status":"open","ping_status":"closed","template":"","meta":[],"_links":{"self":[{"href":"https:\/\/prod.lespetitsbrins.com\/index.php?rest_route=\/wp\/v2\/product\/259"}],"collection":[{"href":"https:\/\/prod.lespetitsbrins.com\/index.php?rest_route=\/wp\/v2\/product"}],"about":[{"href":"https:\/\/prod.lespetitsbrins.com\/index.php?rest_route=\/wp\/v2\/types\/product"}],"replies":[{"embeddable":true,"href":"https:\/\/prod.lespetitsbrins.com\/index.php?rest_route=%2Fwp%2Fv2%2Fcomments&post=259"}],"wp:featuredmedia":[{"embeddable":true,"href":"https:\/\/prod.lespetitsbrins.com\/index.php?rest_route=\/wp\/v2\/media\/329"}],"wp:attachment":[{"href":"https:\/\/prod.lespetitsbrins.com\/index.php?rest_route=%2Fwp%2Fv2%2Fmedia&parent=259"}],"curies":[{"name":"wp","href":"https:\/\/api.w.org\/{rel}","templated":true}]}}